*t**3 - 5*t**2 + 3*t - 3. Calculate the remainder when c is divided by u(3).
13
What is the remainder when 8 is divided by -4 - (-1)/(2/18)?
3
Let w(p) = -7*p**3 - 7*p**2 - 3*p - 4. What is the remainder when w(-3) is divided by 33?
32
Let z(s) = s - 6. Let n be z(9). Suppose -2*b - 35 = -5*l, -l - n*b = -2*l + 7. What is the remainder when 20 is divided by l?
6
Suppose -33 = -0*j - j. Let v = 20 - 11. Calculate the remainder when j is divided by v.
6
Let b(u) = -u**2 - 7*u + 2. Calculate the remainder when 23 is divided by b(-6).
7
Suppose -4*z = -99 + 39. Let g = 58 + -50. What is the remainder when z is divided by g?
7
Let d = -2 - -3. Suppose 6*r + 65 = 5*n + r, -3*r + d = 2*n. What is the remainder when 30 is divided by n?
6
Let g = 195 - 134. Suppose -2*c + 7*c + 265 = 5*s, s - g = -c. What is the remainder when s is divided by 29?
28
Let b = -3 + 8. Suppose y - 35 = -b*l + 6*y, -5 = y. Calculate the remainder when l is divided by 2.
0
Suppose 0 = -4*k + 7*k - 6. Suppose -b - 2*d + 16 = 0, -d = -2 - k. What is the remainder when 22 is divided by b?
6
Let o be (2 + 0)/((-1)/(-2)). Let w = 9 - o. Suppose 0 = -4*u - 20, -x + u - w*u - 3 = 0. What is the remainder when x is divided by 5?
2
Suppose 0 = -4*z + 24 - 8. Let p = z + 0. Suppose -5*n + 8 + 22 = 4*d, 3*d - 3*n = 36. Calculate the remainder when d is divided by p.
2
Suppose -4*j - 2*u + 40 = 0, 4*u + 16 = 2*j - 4. Let f = 71 - 65. Calculate the remainder when j is divided by f.
4
Let f = 2 + -5. Let n be (-1 + 0)/(f/15). Suppose 0*q + 1 = q - n*k, -2 = -2*q + 4*k. Calculate the remainder when q is divided by 1.
0
Suppose 2*r + r = 5*t - 160, 2*r + 64 = 2*t. Let c = t - 51. Let u = c + 34. Calculate the remainder when 28 is divided by u.
13
Let g(d) = -d**3 + 5*d**2 - 3*d. Let w be 6/(-10) + 52/20. What is the remainder when g(w) is divided by 3?
0
Suppose -4*m + 222 = 34. Let c = m + -21. What is the remainder when c is divided by 59/4 + (-15)/20?
12
Suppose 4*g - s - 19 = 0, -3*g + g = 3*s - 13. Suppose -g*y + 12 - 2 = 0. What is the remainder when 7 is divided by y?
1
Let k = 23 + -14. What is the remainder when k is divided by (1/(-3))/(4/(-60))?
4
Let p = 16 - -11. Calculate the remainder when p is divided by 8.
3
Suppose -5*n + 261 = 2*s - 0*s, -4*n - 4*s + 216 = 0. Let t = n + 1. Calculate the remainder when t is divided by 11.
8
Let a be ((-32)/(-10))/((-4)/(-10)). Suppose -a*z + 5*z + 21 = 0. Suppose 3*i = 3*c + 6*i - 39, 0 = c - 5*i - z. Calculate the remainder when c is divided by 7.
5
Let h = 13 - 33. Let f be (-1)/(h/22 + 1). What is the remainder when 20 is divided by f/(-2 + 2 + -1)?
9
Let b = 1 + 2. Suppose -z - b*r + 25 = -4*r, -2*r = -4*z + 96. Let q(l) = -14*l - 1. What is the remainder when z is divided by q(-1)?
10
Suppose 4*t + 4*n - 1 = 19, -3*n = 12. Suppose -b + 2 = -t. What is the remainder when 2/1*b/2 is divided by 6?
5
Let a = -5 + 9. Suppose -161 = -4*q + 59. Suppose 4*f + f = q. What is the remainder when f is divided by a?
3
What is the remainder when 47 is divided by (-6)/12 - 25/(-2)?
11
Suppose -38 = -b - 11. Let i = 39 - b. What is the remainder when 34 is divided by i?
10
Let f = 28 - 20. Let y(g) = 4*g - 4. Calculate the remainder when 110 is divided by y(f).
26
Suppose 108 = 5*v - v. Suppose -f = 2*d - 24, -4*d + 3*d = -4*f + 6. Calculate the remainder when v is divided by d.
7
Calculate the remainder when 22 is divided by (-6)/45 - 728/(-60).
10
Suppose 4*w - 52 = 2*b, -5*b = 5*w - 7*w + 18. Let r = 4 + 23. What is the remainder when r is divided by w?
13
What is the remainder when 144 is divided by (-29)/(((2 - 4) + 3)*-1)?
28
Suppose -3 = 5*t - 198. Suppose 91 + t = 5*f. What is the remainder when f is divided by 9?
8
Let l = 8 - 7. Let h be (0 + l)/((-1)/(-3)). Suppose -3*t + 8*t + 2*p - 38 = 0, -h*t - 4*p + 20 = 0. What is the remainder when t is divided by 3?
2
Let c = -159 + 270. What is the remainder when c is divided by 28?
27
Let y(w) = 2*w**2 + 4*w + 2. Let f be y(-2). Let g(b) = -1 + 3 + b**f - 5*b + 3. Calculate the remainder when 20 is divided by g(6).
9
Let w(a) = -a**2 + a - 192. Let h be w(0). What is the remainder when ((-2)/4)/(6/h) is divided by 9?
7
Suppose v = 2*g - 6 - 36, 5*g - 105 = 4*v. What is the remainder when 81 is divided by g?
18
What is the remainder when 43 is divided by (-3)/(-9) + 192/18?
10
Let k(b) = b**3 - 5*b**2 + b + 2. Suppose l + 19 = -2*f + 3*f, 2*l = -5*f + 102. What is the remainder when f is divided by k(5)?
6
Suppose -x - 7 + 34 = 0. What is the remainder when x is divided by ((-24)/(-40) + (-6)/(-15))*14?
13
Suppose -2*z - 1 = -5. Let t(r) = 10*r - 1. Calculate the remainder when 74 is divided by t(z).
17
Let i(p) = 24*p + 3. Let s be i(-2). Let g = -4 - s. Calculate the remainder when g is divided by 54/4 - (-1)/2.
13
Let o = 9 - 3. Let c(b) = 2*b - 6. Calculate the remainder when c(o) is divided by 4.
2
Suppose -4*g + 2*g = -54. What is the remainder when g is divided by 15/((-315)/14) - 23/(-3)?
6
Let w(t) = 23*t**2 - 3*t + 1. Let d be w(2). Let q = d + -60. Calculate the remainder when q is divided by 14.
13
Suppose 6 = -3*i + 51. Suppose 21 = w - 22. What is the remainder when w is divided by i?
13
Let j(z) = -2*z + 3. Let q = -19 - -26. What is the remainder when j(-3) is divided by q?
2
Let l = 21 - 21. Suppose k - 2*o + 0*o = 56, 4*k + o - 260 = l. What is the remainder when k is divided by 11?
9
Let p(s) = -s**3 + 4*s**2 + 3. Suppose -2*d + 3*o - 27 = -3*d, 4*d - 3*o - 168 = 0. What is the remainder when p(3) is divided by (-2)/(-4) - d/(-6)?
5
Let s(t) = t**3 + 11*t**2 + 21*t + 29. Suppose -6*f + 2*f = -12. Calculate the remainder when f is divided by s(-9).
1
Let b(u) = -u**3 - 7*u**2 + 6*u - 5. Let l be b(-8). Let t = l - 1. What is the remainder when 17 is divided by t?
7
What is the remainder when (-9)/(-3) + (-312)/(-3) is divided by 18?
17
Let h(g) = -6*g**2 + 3*g. Let n be h(2). Let z = 36 + n. Calculate the remainder when 70 is divided by z.
16
Suppose -2*k = 2 - 8. Let r(f) = k + f - 1 + 0. Calculate the remainder when 15 is divided by r(6).
7
Suppose -3*n + 256 = -200. Calculate the remainder when n is divided by 31.
28
Let p = 76 - -23. Calculate the remainder when p is divided by 34.
31
Suppose -3*s - 3*b = 3, -2*s - 3*b + 0 - 5 = 0. Suppose r - s = 3. Calculate the remainder when 14 is divided by r.
4
Let a(n) = -n**3 - 4*n**2 + 4*n - 2. Let s be a(-5). Let u = 9 + -4. Suppose u = -s*h + 17. What is the remainder when 11 is divided by h?
3
Let u = -51 + 75. Calculate the remainder when 71 is divided by u.
23
Let u be (-72)/4 - (0 - -1). Let c = u + 32. Calculate the remainder when 36 is divided by c.
10
Suppose -5*j = 2*b - 25, -2*j - 2*b + 15 = -1. Suppose -5*o = -3*o - j*i + 3, -o = -i. Calculate the remainder when o is divided by 2.
1
Let f(u) = -3*u + 3. Let r be f(5). Let j = 228 - 93. What is the remainder when 23 is divided by (-6)/(-8) - j/r?
11
Let o(g) be the third derivative of -g**5/60 - 3*g**4/8 + 2*g**3/3 + g**2. Let i(w) = 4*w**2 - 1. Calculate the remainder when o(-9) is divided by i(-1).
1
Suppose 0 = v - 0 - 5. Suppose 5 = v*x, -5 = -2*s - 2*x + 3*x. What is the remainder when s is divided by 2?
1
Suppose q - 15 + 8 = 0. Calculate the remainder when 11 is divided by q.
4
Let x(b) be the second derivative of 0*b**3 + 0 - 1/6*b**4 + b**2 + 1/20*b**5 + 2*b. Calculate the remainder when x(2) is divided by 1.
0
Let i(l) = l**3 + 3*l**2 - 3*l - 1. Let r(z) = z**2 - 4*z - 2. Calculate the remainder when i(-3) is divided by r(5).
2
Suppose 33 = 3*u - 15. Calculate the remainder when u is divided by 6.
4
Let d be -26 - (15 - 3)/3. Let f = d + 77. What is the remainder when f is divided by 25?
22
Suppose -a + 27 = -4. Let m = 5 - 3. Let j = 13 - m. What is the remainder when a is divided by j?
9
Let i be (-8)/44 - (-448)/44. Let y(d) = d + 13. Suppose 0 = 2*h - 3*c - 75, 8*c - 3*c - 250 = -5*h. Calculate the remainder when h is divided by y(i).
22
Let s(x) = -x**2 - 13*x + 14. Let p = -42 + 96. What is the remainder when p is divided by s(-13)?
12
Let s(y) = 10*y - 2. What is the remainder when s(7) is divided by 19 - ((-4)/1 - 0)?
22
Let y(o) = 5*o**2 + o. Calculate the remainder when (20/(-25))/(3/(-45)) is divided by y(-1).
0
Let c = -18 - 15. Let r = -21 - c.